 to base 11
48948a4
What is 186b318 (base 13) in base 12?
2815852
What is 3012222130 (base 4) in base 13?
2264c2
What is -45a94 (base 15) in base 7?
-1612354
What is -a9196 (base 14) in base 15?
-8138e
-1a0125 (base 12) to base 14
-bc457
Convert 253535 (base 7) to base 10.
46919
What is 2208d (base 14) in base 4?
110020031
Convert 21130001 (base 5) to base 2.
101011001011101100
What is cdaec (base 15) in base 8?
2375027
40341330 (base 5) to base 2
1001111001111101110
Convert -2517248 (base 10) to base 6.
-125541532
What is 100022002012 (base 3) in base 11?
115579
Convert -79843 (base 13) to base 8.
-657663
12440 (base 6) to base 11
1474
What is -151241522 (base 6) in base 7?
-35515133
Convert -1561369 (base 10) to base 8.
-5751431
-85724a (base 11) to base 12
-56164a
What is -27662 (base 16) in base 9?
-265328
Convert -2163465 (base 10) to base 2.
-1000010000001100001001
Convert -2102010020 (base 3) to base 14.
-1342c
24432140 (base 5) to base 13
82325
Convert 33441034 (base 5) to base 8.
1102712
-1642e (base 15) to base 14
-1c25d
What is 11011010111011001010010 (base 2) in base 3?
111111110111010
What is 18b747 (base 13) in base 9?
1152535
Convert -49bb5 (base 12) to base 14.
-28745
What is -32e2b (base 16) in base 11?
-13265a
-1a93f (base 16) to base 13
-3a721
What is -1731083 (base 9) in base 10?
-965271
Convert -30330524 (base 6) to base 16.
-d3b94
-20b78 (base 16) to base 8
-405570
-2461470 (base 8) to base 4
-2212030320
What is -396a6b (base 13) in base 10?
-1385889
702556 (base 8) to base 13
81063
What is 1001101120120 (base 3) in base 14?
10792a
What is -868134 (base 12) in base 14?
-3d5c92
What is 7150574 (base 8) in base 6?
104251404
Convert 103431043 (base 5) to base 12.
199707
-11376017 (base 8) to base 12
-a00727
What is 20e51 (base 15) in base 5?
11320401
-143291 (base 10) to base 6
-3023215
-10011101101100001000 (base 2) to base 12
-271948
What is -43a96 (base 13) in base 16?
-1df18
What is 11042344 (base 5) in base 15?
1d94e
What is -246085 (base 9) in base 3?
-21120002212
-457261a (base 11) to base 10
-7997395
-117717 (base 9) to base 2
-10001011010000000
Convert -30210121331 (base 4) to base 6.
-154341525
1401130 (base 7) to base 8
551712
Convert 20121122122 (base 3) to base 12.
63452
375276 (base 8) to base 5
13122401
What is 22201122010 (base 3) in base 2?
101001111100000001
Convert -2263820 (base 10) to base 6.
-120304352
-1000100111111101010000 (base 2) to base 13
-61207c
What is 6b9148 (base 13) in base 8?
11613613
120002201211221 (base 3) to base 15
a87da1
What is 2134446 (base 8) in base 11?
360575
-17c8686 (base 14) to base 11
-6715436
585889 (base 11) to base 16
e3137
Convert 32c19c (base 13) to base 3.
2020211212220
202211212101122 (base 3) to base 12
3863498
What is -553a2 (base 13) in base 2?
-100101101100111101
-8b2b45 (base 13) to base 16
-3236c9
b166 (base 15) to base 2
1001001001000110
-40103324 (base 5) to base 14
-8329b
-1306004 (base 9) to base 2
-10101110000100000110
What is 12000100102 (base 3) in base 16?
1816d
24140 (base 5) to base 14
923
Convert 3114256 (base 7) to base 9.
628514
-1251533 (base 11) to base 2
-1000010001100000001000
What is 1b47402 (base 12) in base 14?
ab6774
What is 22101303123 (base 4) in base 16?
291cdb
What is -100110002102001 (base 3) in base 8?
-23116371
Convert -4324652 (base 9) to base 5.
-1043210412
Convert -3650522 (base 12) to base 14.
-158a9d0
Convert bb5c2c (base 13) to base 12.
1588b05
Convert -8d1e (base 15) to base 10.
-29954
-1891019 (base 10) to base 14
-37320b
8316d (base 15) to base 7
3350143
-817ac (base 15) to base 11
-26013a
Convert 763a67 (base 14) to base 11.
2296477
-14143433 (base 5) to base 15
-2d72d
Convert -32b741 (base 13) to base 9.
-2223137
Convert 17058024 (base 9) to base 6.
503024551
1154303 (base 7) to base 14
3bd03
What is 6262012 (base 8) in base 9?
3115530
What is 3314412 (base 5) in base 8?
160212
What is 22101212200 (base 3) in base 9?
271780
What is -103521514 (base 6) in base 16?
-1c6756
6548647 (base 10) to base 4
120332302213
-2f0bab (base 16) to base 9
-5718284
Convert 1129829 (base 10) to base 9.
2111745
What is -370600 (base 9) in base 11?
-142a67
What is 237012 (base 8) in base 6?
1424534
Convert -94a049 (base 11) to base 3.
-2212021221122
Convert 256310 (base 12) to base 8.
2253474
-15648a (base 13) to base 8
-2007306
What is 1735033 (base 8) in base 5?
112201040
Convert 9277ba (base 14) to base 2.
10010110101100100001000
Convert -1100100100010011 (base 2) to base 3.
-2121121111
513431 (base 10) to base 7
4235612
What is 2662d (base 16) in base 8?
463055
82068 (base 15) to base 7
3333503
Convert a47539 (base 13) to base 5.
1440442241
-53022246 (base 7) to base 10
-4476282
Convert 1073141 (base 8) to base 7.
2325423
41167801 (base 9) to base 7
330010102
Convert -2130111021 (base 4) to base 3.
-1012112100220
What is -320562 (base 7) in base 8?
-154330
What is -20223132 (base 4) in base 13?
-13248
What is 31431354 (base 6) in base 5?
213444224
What is -3276776 (base 9) in base 14?
-33c8a2
Convert -23143321 (base 6) to base 2.
-10101110001101100001
1205430 (base 6) to base 16
f7da
-142434111 (base 7) to base 13
-1c30c74
535620 (base 7) to base 3
11201221010
-10001111010011011001111 (base 2) to base 6
-244351343
336536 (base 9) to base 12
98836
Convert 40b385 (base 12) to base 16.
f7c55
What is -2a9b7 (base 12) in base 13?
-2151a
What is -3241315 (base 6) in base 12?
-7923b
Convert 2180147 (base 9) to base 15.
18302d
2189aa (base 11) to base 12
1498a0
-10022011012 (base 3) to base 8
-176742
-15274c5 (base 15) to base 16
-e9aa34
What is 865291 (base 10) in base 2?
11010011010000001011
What is -2823867 (base 10) in base 9?
-5273550
Convert 346262 (base 8) to base 2.
11100110010110010
-100110112201 (base 3) to base 5
-21430132
Convert -8756489 (base 10) to base 9.
-17425572
Convert -538792 (base 15) to base 3.
-21111002001102
164004 (base 11) to base 2
111110000100010001
What is -4405351 (base 11) in base 10?
-7737522
What is -37262074 (base 9) in base 8?
-105421417
Convert -111100110110011110000 (base 2) to base 4.
-13212303300
Convert -5880595 (base 10) to base 4.
-112123230103
2125926 (base 10) to base 3
11000000020000
Convert -2410541 (base 6) to base 11.
-86670
Convert -334422 (base 6) to base 12.
-14412
462151 (base 7) to base 2
10100000111100101
What is 255121 (base 7) in base 2?
1011100100100110
What is -12021121100 (base 3) in base 11?
-71119
What is 56581 (base 10) in base 15?
11b71
What is -1827dd (base 14) in base 16?
-d00ef
11001010000100010110 (base 2) to base 12
33ab86
4824ea (base 15) to base 8
15123002
What is 32322023012 (base 4) in base 12?
13858b2
68a8d4 (base 14) to base 16
365fca
Convert 110110111000000001100 (base 2) to base 12.
728724
Convert -110100001110111101000101 (base 2) to base 9.
-27678816
What is 172174 (base 12) in base 16?
61168
What is 216203 (base 14) in base 12?
466577
What is 62458 (base 10) in base 14?
18a94
What is -1427362 (base 9) in base 11?
-497722
Convert -126b70 (base 12) to base 8.
-1116404
Convert -2560741 (base 10) to base 16.
-2712e5
235421 (base 7) to base 3
2011122002
-91283a (base 16) to base 3
-122220022102000
Convert 11464315 (base 8) to base 6.
125541405
Convert 1011000000001110100 (base 2) to base 8.
1300164
-1001110101011001000 (base 2) to base 10
-322248
-106072 (base 8) to base 12
-18936
-100000001010000110 (base 2) to base 3
-20200200110
Convert -201201221221 (base 3) to base 15.
-7a1bd
Convert 3333164 (base 8) to base 5.
212224201
What is 2133135 (base 9) in base 7?
12503012
What is 325700 (base 9) in base 4?
233132301
What is 3ebdaf (base 16) in base 12?
1463613
Convert 1809372 (base 11) to base 9.
5702466
12202020010121 (base 3) to base 4
23221323220
What is 13313400 (base 5) in base 12?
66497
Convert 417331 (base 13) to base 5.
342422114
What is -1361101 (base 7) in base 2?
-101100101001010101
What is 44030201 (base 7) in base 5?
1431201240
What is 214141424 (base 5) in base 11?
58402a
What is -10111011011000101011 (base 2) in base 11?
-484726
Convert -2322102 (base 4) to base 9.
-17316
What is -211041 (base 6) in base 16?
-42c1
What is -220010022102010 (base 3) in base 9?
-26108363
-120121220021002 (base 3) to base 7
-130404404
-222095 (base 14) to base 7
-12562245
What i